Is 2072629747 a composite number?
False
Is 18763021 prime?
True
Is 1719074063 composite?
True
Is 110922181 composite?
True
Is 19141555801 a prime number?
True
Is 7268420123 a composite number?
True
Is 4661773789 a prime number?
False
Is 4985031829 composite?
True
Is 14905747387 a prime number?
True
Is 499897973 a composite number?
True
Is 1644035573 a prime number?
True
Is 103737632143 composite?
True
Is 94341937 a prime number?
True
Is 52406159231 a prime number?
False
Is 23720110261 a prime number?
False
Is 61770604529 composite?
False
Is 34108427233 a composite number?
False
Is 5414842285 composite?
True
Is 393206291 composite?
True
Is 288474761 a composite number?
True
Is 608884943 prime?
True
Is 82619646013 prime?
True
Is 57747797 prime?
True
Is 33497919737 a prime number?
True
Is 42994025497 prime?
False
Is 60713738923 a composite number?
False
Is 12818979889 composite?
False
Is 651307357 a composite number?
True
Is 35194957321 a prime number?
True
Is 1537922069 a prime number?
True
Is 7176272137 a composite number?
True
Is 1706686969 prime?
False
Is 41076349 prime?
False
Is 4304249371 prime?
False
Is 38877589133 a composite number?
True
Is 767602181 a prime number?
True
Is 61412919395 prime?
False
Is 8798174159 prime?
True
Is 36317065909 prime?
False
Is 31831863985 composite?
True
Is 23006642933 a composite number?
True
Is 1382846371 a prime number?
False
Is 1603195327 prime?
True
Is 4774746167 a composite number?
False
Is 3962237 a composite number?
False
Is 1705029913 prime?
False
Is 104960547301 composite?
False
Is 7396138931 a prime number?
True
Is 1734086113 a prime number?
False
Is 120300891127 a composite number?
False
Is 854137679 a composite number?
True
Is 110632694567 a prime number?
False
Is 154333001599 a composite number?
True
Is 57737917078 a composite number?
True
Is 9178951703 a composite number?
False
Is 16039958917 a composite number?
False
Is 76868559533 composite?
False
Is 6886458871 composite?
True
Is 778347047 composite?
False
Is 143050677079 a prime number?
True
Is 4007824753 composite?
False
Is 3002140217 composite?
False
Is 7332791831 a prime number?
False
Is 442471717 a composite number?
True
Is 1288642907 a prime number?
False
Is 1648551406 prime?
False
Is 5060810153 a prime number?
False
Is 20100134597 a prime number?
False
Is 123366224957 a composite number?
False
Is 535802779 a prime number?
False
Is 663173633 prime?
False
Is 7211693683 prime?
False
Is 2505937673 a composite number?
True
Is 9833437 composite?
False
Is 37760360597 a prime number?
False
Is 2825096077 composite?
True
Is 400075517 a prime number?
True
Is 4878672241 prime?
True
Is 5338092245 a prime number?
False
Is 35806699541 composite?
False
Is 202149917497 a composite number?
True
Is 333358093 composite?
False
Is 3386490706 a prime number?
False
Is 14795863007 a composite number?
False
Is 32364685553 prime?
True
Is 293488031 a composite number?
False
Is 827186117 a prime number?
True
Is 39360890473 composite?
True
Is 30705925577 composite?
True
Is 28033043 a prime number?
True
Is 35217961 composite?
False
Is 225997066 composite?
True
Is 92946391 composite?
False
Is 187477060499 composite?
False
Is 1171952857 a composite number?
False
Is 12108496999 a prime number?
True
Is 13019421719 a prime number?
True
Is 15099317353 composite?
True
Is 628813057 composite?
True
Is 754142521 prime?
False
Is 6932020107 a composite number?
True
Is 3288436027 a composite number?
False
Is 2489416751 a prime number?
True
Is 23786123343 prime?
False
Is 97467145 a composite number?
True
Is 723419693 prime?
False
Is 2270945203 prime?
True
Is 1669732799 a composite number?
True
Is 4208064391 prime?
True
Is 381874219 composite?
False
Is 22144026397 prime?
False
Is 15329219093 prime?
False
Is 9118093469 a composite number?
False
Is 82481922529 a prime number?
False
Is 49490282903 a composite number?
False
Is 4314820919 a composite number?
False
Is 51088551499 a prime number?
True
Is 11986166221 prime?
True
Is 2952140467 a composite number?
False
Is 53129290499 a prime number?
True
Is 14681442487 a composite number?
False
Is 33008336281 a composite number?
True
Is 664844927 a composite number?
True
Is 529159859 prime?
True
Is 79769673751 composite?
False
Is 6351115949 a composite number?
True
Is 829606993 prime?
True
Is 436897726 a composite number?
True
Is 64183731699 composite?
True
Is 396306949 a composite number?
False
Is 3025111853 a prime number?
False
Is 616794023 prime?
True
Is 1272683045 prime?
False
Is 13777151231 a prime number?
True
Is 160472102683 composite?
True
Is 3290113427 prime?
True
Is 37429881341 composite?
True
Is 732382411 prime?
False
Is 5601946439 a composite number?
True
Is 163275533947 a prime number?
True
Is 2392280411 a composite number?
False
Is 95989697 composite?
False
Is 1896933941 prime?
False
Is 171934337 a prime number?
True
Is 410712847 composite?
True
Is 46593028793 a composite number?
False
Is 2045855087 a composite number?
True
Is 169816321 a prime number?
False
Is 10140610367 a prime number?
False
Is 23524650511 a prime number?
True
Is 127846706033 composite?
False
Is 53423547007 composite?
False
Is 2072275633 composite?
False
Is 19171259309 a composite number?
False
Is 30629698153 a composite number?
False
Is 13859571121 composite?
True
Is 101547118151 prime?
True
Is 16731615001 a composite number?
False
Is 481517429 prime?
True
Is 18235761238 prime?
False
Is 20286752567 a composite number?
False
Is 741824207 a prime number?
True
Is 1505196415 a prime number?
False
Is 15730897513 a composite number?
True
Is 312632711 composite?
False
Is 79638211 composite?
True
Is 2116778557 a composite number?
False
Is 321864833 a composite number?
False
Is 3262540751 prime?
True
Is 3447031153 a prime number?
False
Is 3999042403 a prime number?
True
Is 1501368593 prime?
False
Is 38408593259 a prime number?
True
Is 146471077499 a composite number?
False
Is 5682474881 prime?
True
Is 826720022 composite?
True
Is 824772947 composite?
True
Is 351062589331 a composite number?
True
Is 265118571713 composite?
False
Is 70199022389 prime?
True
Is 751409327 a prime number?
True
Is 561415189 a prime number?
True
Is 318488351 a prime number?
True
Is 1322370947 a composite number?
True
Is 83317474327 a composite number?
False
Is 1798848787 a composite number?
False
Is 274254475973 prime?
False
Is 3043153257 a composite number?
True
Is 1705285687 a composite number?
True
Is 1344060079 composite?
True
Is 41229511489 prime?
False
Is 2391098731 a prime number?
False
Is 86494576279 a composite number?
False
Is 283754259229 prime?
False
Is 202065834253 prime?
True
Is 36350682527 prime?
True
Is 5056541045 prime?
False
Is 169280773 a composite number?
False
Is 1456818017 a composite number?
False
Is 69679771487 prime?
True
Is 13708542049 a composite number?
False
Is 914389654 a composite number?
True
Is 1562626099 a composite number?
True
Is 418723399 a prime number?
True
Is 848319 a composite number?
True
Is 3546607637 a composite number?
True
Is 784777571 a composite number?
True
Is 6024212221 a composite number?
True
Is 1676805773 a composite number?
True
Is 30084764383 a prime number?
True
Is 24279810487 a composite number?
True
Is 1051573063 a prime number?
False
Is 4138942979 a prime number?
True
Is 1039214371 a prime number?
False
Is 9150146267 a composite number?
True
Is 2683474657 prime?
False
Is 5898038771 a composite number?
False
Is 79523471 a composite number?
True
Is 1532412139 prime?
True
Is 4184559443 prime?
True
Is 3140646497 prime?
True
Is 558919709 composite?
False
Is 680515021 a prime number?
False
Is 399750179 a composite number?
False
Is 25913628211 prime?
False
Is 7697416543 a prime number?
False
Is 26450419679 composite?
False
Is 6757475215 a prime number?
False
Is 7469138039 composite?
True
Is 3676393901 a composite number?
False
Is 810030497 a composite number?
False
Is 1360162403 composite?
False
Is 10392814091 composite?
True
Is 7609156273 a prime number?
True
Is 1540169441 a composite number?
False
Is 21933358221 prime?
False
Is 39413713 composite?
False
Is 3926346419 composite?
False
Is 29769885671 a prime number?
True
Is 2915476229 prime?
False
Is 1847318545 a prime number?
False
Is 36581932921 prime?
False
Is 168297149 a composi